 What is the tens digit of a?
0
Let a(l) = -10*l**2 + 2*l - l + 9 - 9*l - l**3. Let t be a(-9). What is the units digit of 2 - (-4 - t/2)?
6
Let h = -12 + 36. What is the units digit of h?
4
Let g(b) = -3*b - 15. Suppose -20 = 3*t + 19. What is the units digit of g(t)?
4
Suppose -m + 5*i - 23 = 0, -5*m - 5 = -6*i + 3*i. Let t be (9/m)/((-2)/(-4)). Suppose -33 = -4*q + 5*w, -t = -2*q + 2*w + 5. What is the units digit of q?
2
Let m(v) = -2*v - 12. Let r(o) = o**2 - 9*o. Let j be r(8). Let k be m(j). Suppose s - k*f = 6, -7 = -s - 2*f + 5*f. What is the units digit of s?
0
Suppose 0*v + 40 = 5*v. Suppose -5*w + v = -7. Suppose 11 - 3 = 2*r + 2*a, w*a + 12 = 0. What is the units digit of r?
8
Let q(y) = y**3 - 2*y**2 + 3*y + 2. Suppose 9 = 3*m - 0. Let w be q(m). Suppose h - w = -3*h. What is the units digit of h?
5
Let u(y) = y + 3. Let l be u(-3). Suppose l*h + 3*h = -k + 37, -20 = -4*h. Suppose -3 = -5*p + k. What is the units digit of p?
5
Suppose -3*y - 39 = -3*o, -o = 2*y + 3*o + 20. Let p = y + 20. What is the units digit of p?
8
Let a be -31 - -6*1/(-2). Let o = 62 + a. What is the tens digit of o?
2
Suppose -5*q + s + 99 = 0, -19 = 3*s - 7. Let o = q + 27. Suppose p - 8 = -y - y, 5*y - o = 4*p. What is the units digit of y?
6
Suppose 0*m = -4*m + 140. What is the units digit of m?
5
Let n = 19 + -29. Let u = n + -14. What is the units digit of (u/(-3))/((-1)/(-1))?
8
Let h(y) = y**3 + 9*y**2 - y - 7. Let k be h(-9). Suppose -k*t + 21 = 1. Let c = t - 2. What is the units digit of c?
8
Let n = -12 - -19. Suppose 2*c + n*x = 3*x + 28, c = -3*x + 16. What is the tens digit of c?
1
Let g(j) = -j**3 - 11*j**2 - 10*j + 5. What is the units digit of g(-10)?
5
Let d = 12 - 5. What is the units digit of d?
7
Suppose -q = 4*q. Suppose q = i + 3*v - 13, -3*i = 2*i - 3*v - 65. Let z = 21 - i. What is the units digit of z?
8
Suppose 9 = k - 5*i + 2*i, 0 = -4*k + 5*i + 8. Let b(w) = -3*w**2 - 3*w - 2. Let l be b(k). Let c = -8 - l. What is the units digit of c?
2
Suppose 5*k + 3*z - 5*z = 78, -5*z = 2*k - 37. Suppose 2*x - 10 = k. What is the units digit of x?
3
What is the units digit of (-584)/(-5) + 16/80?
7
Suppose j = 3, i - 4*i - 4*j = -24. Suppose 4 = 5*v + i*c, -19 = 5*c + 1. What is the units digit of v?
4
Suppose 0 = -5*x + 5*s + 300, 3*s = s + 4. What is the tens digit of x?
6
Suppose -u + 8 = 4. Suppose 6*m + 3*l - 4 = 4*m, u*m - 5*l - 30 = 0. What is the units digit of m?
5
Let v(d) be the first derivative of 7*d**2/2 + d - 2. Let y be v(-4). What is the units digit of (-4)/18 + (-249)/y?
9
Let l = 73 - 25. What is the tens digit of l?
4
Let y(h) = -h**2 + 2*h + 3. Let k be y(3). Let l = k + 3. Suppose -l*j + 11 = -2*j. What is the tens digit of j?
1
Let c(p) = p**3 - 2*p**2 + 3*p - 3. Let o be c(2). Suppose -d + o = -1. What is the tens digit of (1/2)/(d/88)?
1
Let w be (-3 - -5 - 0)*2. Suppose -7 = -c - 3*c + 3*f, -4*f = -4*c + w. Suppose -c*u = -3*t - 39, -4*u - 11 = t - 46. What is the units digit of u?
9
Suppose -10*x - 5300 = -30*x. What is the tens digit of x?
6
Let f(u) = u**2 + 4*u - 1. Let y be f(-3). What is the units digit of y/12 + (-74)/(-6)?
2
Let v = -38 + 61. Suppose 4*i = v + 21. What is the units digit of i?
1
Let u be ((-9)/3)/(-3)*-1. Let h = 2 - u. What is the tens digit of (-1)/h - 147/(-9)?
1
Suppose 40 + 15 = 5*n. What is the units digit of (-2)/3 - n/(-3)?
3
What is the tens digit of (-1 + 182/8)*36/3?
6
Let u = 11 + -6. Suppose -3*h + 51 = 3*l, -5*h + u*l + 86 = -h. What is the tens digit of h?
1
Let h be (-36)/20 - 2/10. Let l = 1 - h. Suppose -72 - l = -5*y. What is the units digit of y?
5
Suppose 0 = -4*s - 2*v - 4, 3*v - 6 = s + v. Let y(n) = 2*n**2 + 4*n + 2. What is the units digit of y(s)?
2
Let z = 9 - 16. Let i = -8 - z. Let f = 0 - i. What is the units digit of f?
1
Let f = 22 + -9. Suppose -3*s = 2*s - 95. Let v = s - f. What is the units digit of v?
6
Let w = 661 + -376. What is the hundreds digit of w?
2
Suppose -2*w - 3*w - 10 = 0. What is the tens digit of (-4 + 5)/(w/(-48))?
2
Let p(f) = f**3 + 9*f**2 - 3*f - 1. What is the tens digit of p(-4)?
9
Let l(p) = -p + 20. What is the tens digit of l(-7)?
2
Suppose -4*l - 32 + 132 = 0. What is the tens digit of (-5)/l + 282/10?
2
Suppose -2*b = f - 0*b - 67, -4*b = -2*f + 102. What is the units digit of f?
9
Suppose 4*n = 4*h + 12, 3*n + 2 = -h + 3. Suppose -3*a - 3*c + 4 = -5*c, -2*a - 2 = c. Let m = n + a. What is the units digit of m?
1
Let k = 9 - 5. Suppose -i + 4 = 5*q - k*i, q - 8 = -3*i. What is the units digit of 2/(9/(-6) + q)?
4
Let n(z) = -2 + 6*z**2 + 1 + 10*z**2. What is the tens digit of n(-1)?
1
Suppose -4*s = -6*s + 56. What is the units digit of s?
8
What is the tens digit of (-20)/8*(3 - 17)?
3
Let k = -4 + 10. Let s = 13 - -1. Suppose -5*t + s + k = 0. What is the units digit of t?
4
Let x(z) = -3*z + 27. What is the tens digit of x(-14)?
6
Let g(o) = o**2 + o + 832. Let k be g(0). Let p be k/22 - (-8)/44. What is the units digit of p/14 - (-2)/7?
3
Suppose -24 = -3*h - 3*b - 0*b, -h - 5*b = -24. Suppose -3*z + 34 = w + 4*w, -2*w + 22 = h*z. What is the units digit of w?
5
Let t be (3 + 0 - 2)*4. Suppose t*c = 6*c - 130. Suppose 3*h + c = 5*j, -8*j + 90 = -3*j + 2*h. What is the tens digit of j?
1
Let b be (-2)/(2 - 36/17). Suppose 0 = -3*s + 2*s + b. Suppose 4*r = s + 19. What is the units digit of r?
9
Let r = -7 + -3. What is the units digit of 68/5 + r/(-25)?
4
Suppose -4*y - 17 = -5. Let w = -3 - y. Suppose -4*q + w*q = -24. What is the units digit of q?
6
What is the tens digit of (54/12)/(3/32)?
4
Suppose -5*q - 5*d = -40, -d + 2*d = 2*q - 1. What is the units digit of (3/(q/(-46)))/(-2)?
3
Suppose 0 = 4*j - j + 24. Let y = 23 + j. What is the units digit of y?
5
Suppose -53*d + 954 = -47*d. What is the units digit of d?
9
Let n = -8 + 11. Let r be n + -2 + (0 - 3). What is the units digit of ((-1)/3)/(r/18)?
3
Suppose -5*a + 12 = -13. Suppose a*o - r = -4*r + 60, -4*o = -4*r - 80. What is the units digit of o?
5
Suppose 2*m - 14 = -5*a + 7, -3*a = -3*m + 84. What is the tens digit of m?
2
Let m(c) = -c**3 - 3*c**2 + 12*c - 14. What is the units digit of m(-6)?
2
What is the units digit of (3/(-2))/(-1 + (-153)/(-156))?
8
Let v(d) = -13*d - 1. What is the units digit of v(-3)?
8
Let f(w) = w**3 - 3*w**2 + 3*w - 4. Let c be f(3). Suppose -47 + c = -2*i. What is the tens digit of i?
2
Let l(f) = f**2 - 3*f + 1. Let y be l(4). Let z(i) = -i + 7. Let q be z(y). What is the units digit of (-1)/((-3)/36*q)?
6
Let s = -5 + 5. Suppose 18 = -s*f + 2*f. What is the units digit of f?
9
Suppose -4*p = -2*t - 0 - 6, -4*p = -4. Let n = 4 + t. Suppose -4*c + c + 25 = -5*g, 3*g - 9 = -n*c. What is the units digit of c?
5
Let o(x) = x**2 - x + 1. Let t be o(1). Let q be ((-3)/3)/(-1) + t. What is the units digit of 8 - 1 - q/2?
6
Let o(d) be the third derivative of -d**5/60 - 3*d**4/8 + 7*d**3/6 - 3*d**2. What is the units digit of o(-7)?
1
Suppose -2*u + 4*w + 4 = 0, 3*w - 60 + 9 = -3*u. Let d = u - -1. What is the units digit of d?
3
Suppose 4*b - 3 = 9. What is the units digit of b + -1 + (2 - -1)?
5
Let j(u) = -76*u + 1. What is the units digit of j(-1)?
7
Let k(l) = 3*l**2. Let u be k(-1). Let n(x) = 5*x - 2 + 3*x**2 + 2*x**u + x**3 - 4*x**3. What is the units digit of n(4)?
2
Let f be (-1)/((-2)/14) - -1. Suppose -f*c + v - 34 = -3*c, -14 = 3*c + v. Let r = 13 + c. What is the units digit of r?
7
Let a(s) = 7*s + 4. Let d(b) = -10*b - 6. Let r(z) = 7*a(z) + 5*d(z). Suppose -5 = 2*q + 1. What is the units digit of r(q)?
1
Let y = 39 + -3. What is the tens digit of (5/3)/(4/y)?
1
Let w be 20/(-6) - (-3)/9. Suppose 5*o + 11 = 4*q, -o + 2*o + q - 5 = 0. What is the units digit of (3 - -9) + w + o?
0
Let t(f) be the second derivative of -f**3/3 - f**2 + 18*f. Let u = -5 - 1. What is the tens digit of t(u)?
1
Suppose -5*b - 5*a = 10, -5*b = a - 4 + 2. Let p = b - -6. What is the units digit of p?
7
Suppose 4*s - 5*l - 88 = 0, 0*l = s - 2*l - 22. What is the tens digit of s?
2
Suppose -3*t = -8 - 4. Let j(o) = -7*o**2 - t*o + 3*o + o**3 - 6*o. What is the units digit of j(8)?
8
Let i = -93 - -111. What is the units digit of i?
8
Suppose 2 = -b + 4. Let x = 1 + b. What is the units digit of x?
3
Suppose 4*d + 0*s = -4*s + 44, 7 = -d + 5*s. 